hat are the prime factors of 245432092?
2, 4243, 14461
List the prime factors of 39801450.
2, 3, 5, 13, 20411
What are the prime factors of 1006887536?
2, 821, 76651
What are the prime factors of 225768740?
2, 5, 11288437
List the prime factors of 1478780222.
2, 19, 38915269
List the prime factors of 177888832.
2, 11, 41, 6163
List the prime factors of 4443516980.
2, 5, 7, 647743
What are the prime factors of 102387182?
2, 51193591
What are the prime factors of 1800076288?
2, 1757887
List the prime factors of 2128507723.
431, 4938533
What are the prime factors of 254778230?
2, 5, 7, 3639689
List the prime factors of 1244880459.
3, 138320051
What are the prime factors of 2737382567?
2737382567
List the prime factors of 15243192.
2, 3, 211711
List the prime factors of 207435261.
3, 11, 479, 1193
What are the prime factors of 137890464?
2, 3, 359, 4001
List the prime factors of 133056740.
2, 5, 6652837
What are the prime factors of 381709119?
3, 11, 79, 146417
What are the prime factors of 287879727?
3, 95959909
What are the prime factors of 23474652?
2, 3, 19, 149, 691
What are the prime factors of 216999307?
7, 277, 111913
List the prime factors of 267038035.
5, 11, 4855237
List the prime factors of 5088797639.
5088797639
List the prime factors of 818171969.
107, 193, 39619
List the prime factors of 33632396.
2, 7, 31, 38747
What are the prime factors of 52511613?
3, 7, 11, 31, 7333
What are the prime factors of 35961215?
5, 7192243
What are the prime factors of 2694464277?
3, 19441, 46199
What are the prime factors of 105145457?
105145457
What are the prime factors of 18141047?
337, 53831
What are the prime factors of 345995651?
7703, 44917
What are the prime factors of 523272711?
3, 13, 19, 59, 11969
List the prime factors of 1639362732.
2, 3, 7, 593, 32911
What are the prime factors of 18119010?
2, 3, 5, 7, 13, 6637
List the prime factors of 149931773.
101, 1484473
List the prime factors of 427956233.
89, 4808497
What are the prime factors of 2244716623?
151, 14865673
What are the prime factors of 226634753?
59, 3841267
What are the prime factors of 154491884?
2, 83, 465337
List the prime factors of 300280401.
3, 17, 193, 10169
What are the prime factors of 158830408?
2, 11, 71, 2311
List the prime factors of 17161013.
23, 263, 2837
What are the prime factors of 200100372?
2, 3, 241, 69191
List the prime factors of 115496272.
2, 239, 30203
What are the prime factors of 32088062?
2, 43, 79, 4723
What are the prime factors of 858395517?
3, 7, 709, 57653
What are the prime factors of 6681356221?
271, 24654451
What are the prime factors of 20730251?
349, 59399
List the prime factors of 136767716.
2, 34191929
What are the prime factors of 53136551?
13, 37, 61, 1811
List the prime factors of 342087226.
2, 13, 17, 773953
List the prime factors of 26246684.
2, 43, 152597
List the prime factors of 36092274.
2, 3, 541, 11119
List the prime factors of 115420233.
3, 23, 349, 4793
List the prime factors of 79732113.
3, 19, 983, 1423
List the prime factors of 2245976395.
5, 13, 34553483
What are the prime factors of 52262119?
7, 13, 574309
What are the prime factors of 62429649?
3, 19, 1095257
List the prime factors of 93551563.
7, 79, 167, 1013
What are the prime factors of 1960101900?
2, 3, 5, 2177891
What are the prime factors of 18236610?
2, 3, 5, 7, 9649
List the prime factors of 24799497.
3, 23, 107, 3359
List the prime factors of 4295833669.
103, 41707123
What are the prime factors of 1426083577?
163, 8748979
List the prime factors of 83959729.
7, 23, 61, 83, 103
What are the prime factors of 2180170234?
2, 11, 1567, 63241
List the prime factors of 135638406.
2, 3, 23, 327629
List the prime factors of 1396394824.
2, 11, 17, 54907
List the prime factors of 792770024.
2, 99096253
What are the prime factors of 971560759?
13, 181, 412903
What are the prime factors of 54793065?
3, 5, 3652871
What are the prime factors of 96410807?
19, 1433, 3541
What are the prime factors of 148168481?
17, 8715793
What are the prime factors of 1427268657?
3, 19, 23, 1088687
List the prime factors of 10400185.
5, 251, 8287
What are the prime factors of 1954278314?
2, 977139157
What are the prime factors of 11729985?
3, 5, 781999
List the prime factors of 28222105.
5, 5644421
List the prime factors of 866877974.
2, 17, 1093, 23327
What are the prime factors of 460056140?
2, 5, 43, 534949
List the prime factors of 164681747.
164681747
List the prime factors of 703540087.
17, 29, 107, 13337
List the prime factors of 25193133.
3, 7, 17, 7841
What are the prime factors of 36001483?
7, 47, 73, 1499
What are the prime factors of 358273422?
2, 3, 13, 510361
List the prime factors of 1776334291.
19051, 93241
What are the prime factors of 23800539?
3, 7, 1133359
List the prime factors of 197688194.
2, 11, 571, 15737
List the prime factors of 4041779360.
2, 5, 37, 682733
List the prime factors of 329047581.
3, 229, 478963
List the prime factors of 1902789071.
1902789071
List the prime factors of 519586458.
2, 3, 43, 317, 6353
List the prime factors of 71383696.
2, 89, 50129
List the prime factors of 854340419.
2089, 408971
List the prime factors of 50736517.
13, 17, 19, 43, 281
List the prime factors of 6459547.
29, 353, 631
What are the prime factors of 815999813?
17, 37, 1297297
What are the prime factors of 13457105?
5, 2691421
List the prime factors of 906045555.
3, 5, 23, 47, 71, 787
What are the prime factors of 1850444219?
13, 19, 31, 241667
List the prime factors of 136300686.
2, 3, 269, 84449
What are the prime factors of 37733250?
2, 3, 5, 50311
List the prime factors of 831082531.
831082531
List the prime factors of 30221942.
2, 15110971
What are the prime factors of 422427780?
2, 3, 5, 2346821
What are the prime factors of 68938376?
2, 13, 199, 3331
What are the prime factors of 115422828?
2, 3, 191, 50359
List the prime factors of 122432601.
3, 41, 995387
List the prime factors of 869613209.
31, 43, 652373
List the prime factors of 20109217.
1493, 13469
List the prime factors of 143676134.
2, 7, 31, 47293
List the prime factors of 895377268.
2, 223844317
List the prime factors of 254723188.
2, 63680797
List the prime factors of 80008286.
2, 40004143
What are the prime factors of 381419185?
5, 7, 163, 9551
What are the prime factors of 532977589?
532977589
What are the prime factors of 706564247?
37, 251, 76081
What are the prime factors of 2961664288?
2, 11, 109, 77191
List the prime factors of 351756545.
5, 7, 1435741
List the prime factors of 5651409120.
2, 3, 5, 7, 23, 31, 337
What are the prime factors of 9630364379?
97, 4603, 21569
List the prime factors of 3163765769.
3163765769
What are the prime factors of 1289610123?
3, 17, 19, 1330867
What are the prime factors of 153253060?
2, 5, 139, 55127
What are the prime factors of 3328163295?
3, 5, 47, 103, 45833
List the prime factors of 71360318.
2, 35680159
List the prime factors of 23109870.
2, 3, 5, 7, 79, 199
List the prime factors of 572071639.
47, 3209, 3793
What are the prime factors of 6584382413?
7, 41, 22942099
What are the prime factors of 1186246237?
11, 109, 881, 1123
List the prime factors of 1822363474.
2, 911181737
List the prime factors of 997371594.
2, 3, 61, 908353
What are the prime factors of 42946691?
79, 139, 3911
What are the prime factors of 118018415?
5, 479, 49277
What are the prime factors of 139560813?
3, 7, 47, 5237
List the prime factors of 196370559.
3, 7, 11, 47, 6029
What are the prime factors of 1449587?
1449587
List the prime factors of 61243126.
2, 7, 401, 10909
List the prime factors of 3972089345.
5, 7, 181, 491, 1277
What are the prime factors of 39020951?
47, 830233
List the prime factors of 141442457.
13, 991, 10979
List the prime factors of 40481391.
3, 41, 449, 733
List the prime factors of 3633304041.
3, 439, 919591
List the prime factors of 6453477294.
2, 3, 11, 79, 1237721
List the prime factors of 62885195.
5, 29, 67, 6473
What are the prime factors of 1990205094?
2, 3, 331700849
List the prime factors of 86887634.
2, 43443817
What are the prime factors of 25606802?
2, 13, 984877
What are the prime factors of 1400299747?
7, 11, 18185711
List the prime factors of 767385087.
3, 7, 23, 137, 11597
What are the prime factors of 122184137?
122184137
List the prime factor